 = -19 - j. Is q a composite number?
False
Let r(j) = 2*j**3 - 5*j**2 - 6*j - 7. Let q be r(8). Suppose 0*a - 4*u = 4*a - 876, q = 3*a + 5*u. Is a composite?
False
Let r be (13 + -16)/(6/8). Let h be 55/10 - 2/(-4). Is ((-7618)/39)/(r/h) a composite number?
False
Suppose -3*h - 2*c + 6*c + 161 = 0, 4*c = 5*h - 271. Let f = -5 - -8. Suppose h = f*l - 200. Is l prime?
False
Let b be (-1612)/(-10) + 3/(-15). Let w be 5 + 85/(-15) - (-11)/3. Suppose 3*s - 366 = -w*r, 5*r - b = -s + 469. Is r a composite number?
False
Let i(f) = 3*f**2 + 0*f**2 + 19*f - 20*f. Let h be i(-1). Suppose m - 4*w = 83, -h*m + 7*w = 2*w - 332. Is m composite?
False
Let d be (-3 - 0) + (0 - -2198). Let r = -1566 + d. Is r composite?
True
Suppose -5*b + 846 = b. Let o = 16 + b. Is o a prime number?
True
Let t(s) = s**3 + 7*s**2 + 3*s + 4. Suppose 6*d - d - 35 = 0. Let a(f) = f - 12. Let j be a(d). Is t(j) composite?
True
Let l = 131 + -131. Let s(x) = 35 - 3*x + 5*x + 60. Is s(l) a composite number?
True
Let s be 6/(4/(16/4) + 1). Is -127*2*s/(-6) composite?
False
Suppose 5*a + 30 = 4*w + w, a = -2*w + 6. Let h(y) = 55*y**3 + y**2 + y - 2. Let j be h(a). Let p = 727 + j. Is p a prime number?
False
Is 56/84 - (-1 - (-30088)/(-3)) composite?
True
Let z = -33 + 37. Is z/18 + 26793/81 prime?
True
Suppose -34*i + 15395 = -29*i. Is i a prime number?
True
Suppose -3*w = 65 - 71. Suppose w*a + 942 = 8*a. Is a prime?
True
Let h = 23058 + 8905. Is h a prime number?
True
Let x = 249 - 209. Suppose 4*k - 2*p = 4, 4*p - 5 = -2*k + 7. Suppose k*h - x - 94 = 0. Is h prime?
True
Suppose 0 = -3*c + 3*j + 1227, 3*c - 736 - 495 = 5*j. Is c a prime number?
False
Suppose -2*i - 21947 = -5*l, -5*l + 18*i = 21*i - 21967. Is l prime?
True
Let h(u) = 3*u**2 - 12*u + 37. Is h(4) a composite number?
False
Let c = 36136 + 41493. Is c a composite number?
True
Suppose -p = 3*j - 4891, -6*j + 7*j - 14705 = -3*p. Is p prime?
True
Suppose 0 = 15*v + 32832 - 193467. Is v composite?
False
Let s = 198 - 87. Is s prime?
False
Suppose c + 2*c + 174 = 0. Let q = 270 - c. Let i = q + -137. Is i prime?
True
Let q = -18 + 31. Let t(l) = l**3 - 12*l**2 - 2*l - 10. Is t(q) a composite number?
True
Let h = -4166 - -6393. Is h a prime number?
False
Let b(t) = t**3 + 10*t**2 + 2*t + 23. Let z be b(-10). Suppose f = s - 117, -s = z*f - 67 - 42. Is s composite?
True
Suppose -5*x + 0*x = -3*h - 793, -5*x = -h - 791. Is (-5)/30*x*-6 a prime number?
False
Let w be ((-3)/(-2))/(27/90). Let v = 126 - w. Is v a composite number?
True
Suppose 23*k - 14 = 9*k. Suppose 836 = 6*n - 2*n. Is 1/k*(n + 2) prime?
True
Suppose -2*b + 5*a + 7981 = -8568, 0 = -2*b - 4*a + 16594. Is b prime?
True
Let f be 346/14 - 2/(-7). Suppose f*p - 22*p = 0. Is 2230/2 - (-2 - p) a composite number?
False
Is (-2)/((8 - 5) + 664312/(-221432)) a composite number?
True
Let b = 28 + -34. Let g(j) = -5*j**3 + 6*j**2 + 2*j + 9. Is g(b) composite?
True
Is 67*(24 + (-1)/1) - 0 prime?
False
Let s(m) = -2769*m + 77. Is s(-8) composite?
False
Let z(j) be the second derivative of 103*j**4/6 - j**3/2 + 8*j**2 + 33*j. Is z(3) a composite number?
False
Let z be (-59584)/(-12) - 4/3. Suppose -z = -3*j - 197. Is j a composite number?
True
Suppose 4*q - j = 3151, -q + 0*j = 2*j - 790. Suppose -2*h = -5*u - 531, -h = 2*h + u - q. Is h a composite number?
False
Suppose 28*l - 2554 = 15786. Is l composite?
True
Suppose d + 4*h = 823, 4*h + 2490 = 3*d + 9*h. Is d prime?
False
Suppose 0 = -11*w + 14*w + 414. Is w/(-12)*(2 - 0)*11 prime?
False
Suppose 0 = 4*s + 2*d + 3250, -d + 886 = -4*s - 2355. Let p = s + 374. Let z = p + 816. Is z a composite number?
False
Suppose 4904 = -16*k + 192568. Is k composite?
True
Suppose 0 = -2*j - 5*c + 14413, 7204 = j - 21*c + 24*c. Is j a composite number?
False
Let u(c) = c**2 + 6*c - 5. Let d be u(-8). Let q = 9 - d. Is -38*(13/q - -3) composite?
True
Let u(a) = 9 - 3*a**3 + 0 - 16*a - 11*a**2 + 4*a**3 + 3*a. Let l be u(12). Is l/(2/118*-1) a prime number?
False
Let i = -1092 - -5795. Is i a composite number?
False
Suppose -1570 = -5*q + 5*j, 104*q = 107*q - 2*j - 945. Is q prime?
True
Suppose 0 = -v - 2*k + 379, -5*v + k = -2075 + 169. Suppose -5*g - t + v = 0, -4 = 2*t + 4. Is g a prime number?
False
Suppose -120 = -6*s + s. Let c = -11 + s. Let d(t) = t**2 - 11*t + 5. Is d(c) a prime number?
True
Let u(y) = -8*y - 11 - 4*y + 0*y - y**2. Let a be u(-11). Suppose -3*l + 1334 = -l + 3*i, -3*l - 5*i + 1999 = a. Is l composite?
False
Suppose 30 = -4*x - j + 2*j, -j + 38 = -5*x. Let o = x - -7. Is ((-4)/8)/(o/1174) prime?
True
Let u(p) = p**2 - 5*p + 4. Let l be u(4). Suppose 5*b + 2*g + 18 = l, 0 = b - 6*b - 5*g - 30. Is -298*(b + 3/2) prime?
True
Let q be -3 + (-2 - -5) - -731. Suppose -4*d = -2*d - 4. Suppose 0 = -4*j + 3*x + 2128 - 651, -x + q = d*j. Is j a prime number?
True
Let v(t) = 36*t**3 + 11*t**2 + 20*t + 9. Is v(10) prime?
True
Is (-52)/78 + 34/6 - -2793 a prime number?
False
Let s(x) = 5*x - 8. Let q(l) = 3*l**2 + l. Let w be q(1). Suppose -w*r + 57 - 21 = 0. Is s(r) composite?
False
Let t(w) = 52*w**2 - 4*w + 265. Is t(14) a prime number?
False
Let x(l) be the third derivative of -11*l**4/12 - 3*l**3/2 + 8*l**2. Let r(s) = -s**2 + 15*s - 18. Let b be r(14). Is x(b) a prime number?
True
Let n = 5 + -1. Suppose -n*r = -3 - 17. Suppose -u - 4*v + 10 = -21, r*u - 230 = 5*v. Is u a prime number?
True
Suppose a - 2 = 0, 5*k = -0*k - 5*a - 35. Let i = -4 - k. Let z(r) = 20*r - 7. Is z(i) composite?
True
Let h(r) be the first derivative of -3/2*r**2 - 4 + 16*r. Is h(-7) a composite number?
False
Suppose -130083 = -17*w + 172534. Is w prime?
False
Let b be (-2)/(-2 + 0) - -21. Let g = b + -17. Suppose -4*l = 2*u - 490, g*l = -2*u + 378 + 109. Is u a prime number?
True
Suppose 7*u - 2*u = 14675. Is u composite?
True
Suppose -2*c - 4*a + 534 = 0, -c - c - a = -543. Suppose 4*u + c = 5*u. Suppose 5*p - 4*v - 636 = -v, -5*v = 2*p - u. Is p prime?
False
Let i be ((-4)/6)/(7/((-126)/4)). Suppose -5*w + 3*c = -15790, i*c - 2858 = 2*w - 9183. Is w a composite number?
True
Let p(r) = -334*r - 4. Let u be p(-4). Suppose -4*x + 2272 = -u. Is x a composite number?
True
Suppose -3*u = 2*n + u + 8, u = 5*n - 13. Is 7/(749/2884 - n/8) a composite number?
True
Suppose 0 = -15*x - 26*x + 248747. Is x prime?
True
Let k be (-5)/(110/4) - (-184)/44. Is -12*k/16*-113 prime?
False
Suppose -2*a = -2*w + 7*w - 16, 0 = 5*a + 4*w - 23. Suppose -a*u = -0*u + 168. Let g = 145 + u. Is g a composite number?
False
Suppose 4*n = 9 + 11. Suppose -2*f + 3*f = n. Suppose -2*a = f*d - 35, 5*a = -2*d + 6*d + 71. Is a a prime number?
False
Let m(d) = 3*d**2 + 14*d + 1. Let p(q) = q**3 + 5*q**2 + 3*q + 3. Let i be p(-4). Suppose -3*y = -2*r + 40, -4*y + 10 = -i*y - 4*r. Is m(y) a prime number?
False
Let g = -83 - -88. Suppose -g*p + 410 = 4*c - 3*c, 3*c - p - 1182 = 0. Is c composite?
True
Let q = 2808 + -479. Is q composite?
True
Let q(r) = 2167*r**3 - 10*r**2 + 6*r - 3. Is q(2) a prime number?
False
Let r(o) = o**2 + 2*o - 6. Let t be r(-5). Let h be (-1)/(2 - t/3). Suppose -a - 60 + h = -3*j, 4*j = a + 78. Is j composite?
False
Let x(t) = -124*t - 109. Is x(-3) a composite number?
False
Let k = -8 + 10. Suppose f = -f - 5*m - 75, k*m - 68 = 2*f. Let v = -10 - f. Is v composite?
True
Let w be ((-4)/(-6))/(13/4641). Let a = w - 153. Is a prime?
False
Let o(j) = 137*j - 177. Is o(4) composite?
True
Let s(p) = p**2 - 17*p + 4. Let d(o) = o - 1. Let i(z) = 4*d(z) + s(z). Let u be i(13). Suppose u = -2*r + 117 + 181. Is r a prime number?
True
Suppose 0 = 5*q + 5*a - 40, 0*a + 2*a = -5*q + 25. Suppose -q*i = -5*i + 326. Is i prime?
True
Suppose 3*r + 3*l + 6 = 15, 0 = -4*l. Is r + -2 + (2 - -674) a composite number?
False
Suppose 0 = 5*a + 2*r + 5207, 2*a = 7*a + 5*r + 5210. Let f(v) = -61*v**2 - 3*v + 2. Let i be f(-5). Let j = a - i. Is j a prime number?
True
Let y = 213 + -436. Suppose 5*t = t - 1248. Let a = y - t. Is a prime?
True
Let x = -2179 - -6377. Is x composite?
True
Let p be (-24)/(-4) + -5 - -2. Is 31056/36 - (-1)/p a prime number?
True
Let k = 14 + -12. Suppose -5*n = -0*n + 2*s - 5433, k*n = 3*s + 2177. Is n prime?
True
Suppose -2*x = -4*p + 10, 3*x - 45 = -x - 5*p. Suppose n = -2*z - 0*z + 33, 2*n + 105 = x*z. Is z prime?
True
Let a = 28 + -33. Is (78/a)/((-4